hat are the prime factors of v?
5, 43
Let d(s) = s**3 + 6*s**2 - 16*s - 85. Let m be d(-4). What are the prime factors of (-111 - 1)*2*(-22)/m?
2, 7
Let z = 2277 - 1558. Suppose 4*m - 3*j = z, -4*m + 5*j = -41 - 688. List the prime factors of m.
2, 11
Suppose -125 = 2*k - 1065. Let p = -392 - -396. Suppose -p*z + k = z. What are the prime factors of z?
2, 47
What are the prime factors of 35/(-14)*15*((-3892)/3)/7?
2, 5, 139
List the prime factors of (-12880)/(-48) + (7/(-3) - (-9 + 5)).
2, 3, 5
Suppose 6*r + 20077 = m - 13499, -5*r + 67271 = 2*m. List the prime factors of m.
2, 3, 13, 431
Let g(a) be the second derivative of -237*a**5/10 - a**4/6 - a**3/2 - a**2/2 - a - 38. What are the prime factors of g(-1)?
2, 3, 79
Let q(n) be the third derivative of n**6/120 - 29*n**5/60 - 3*n**4/2 - 19*n**3/3 - n**2 - 10. What are the prime factors of q(31)?
2, 3
Let o(c) = 6*c - 3 + c - 3*c - 2*c - 22*c**2. Let g be o(-2). Let z = 248 + g. What are the prime factors of z?
3, 17
Let f be ((-2)/4)/((-1)/6). Suppose 3*z + n + 8 = 0, f*n + n = -z - 21. List the prime factors of z + 7/((-7)/(-8)).
7
Suppose 3*i - 6*i = 0. Suppose i = -2*r + d + 300, -4*d = -2*r - d + 308. Suppose 4*y - 420 = r. What are the prime factors of y?
2, 71
List the prime factors of 612/((-2382)/(-198) + -12).
2, 3, 11, 17
Let m = -37 - -50. Suppose 0 = m*o - 11*o - 288. Suppose 3*h = h + o. List the prime factors of h.
2, 3
Let k(h) = -24*h + 9. Let o be k(-1). What are the prime factors of 8/6*12/(-8) + o?
31
Let x(k) = 8*k + 781. Let m(i) = -2*i**2 + 3*i - 1. Let b be m(1). What are the prime factors of x(b)?
11, 71
Let s(y) = y**3 - 28*y**2 - 72*y - 17. Suppose -2*v + 84 = -4*f + 18, -2*v + 57 = 5*f. List the prime factors of s(v).
2, 317
Let f = 2733 + -2731. Let w = 4 + -9. List the prime factors of f - (-324)/15 - 2/w.
2, 3
Let b(w) = 37*w + 6. Let v = 16 + -31. Let i(m) = -2*m - 28. Let r be i(v). List the prime factors of b(r).
2, 5
Let b be 2/((-4)/(-10)) + 76 + -50. Suppose b*s - 59559 = -11850. What are the prime factors of s?
3, 19
Suppose -4*f - 3*l = -5*l + 6942, -2*f = -3*l + 3469. Let g = -412 - f. What are the prime factors of g?
2, 331
Let c = -2934 - -15659. List the prime factors of c.
5, 509
Suppose 5*k - 874 = -3*h + 1764, -h + 3*k = -856. Suppose -3*z - 2457 = -4*r, 390 = 2*r + 5*z - h. What are the prime factors of r?
2, 3, 103
Let i = 85 - 79. Let f be i/(-21) + (3 - 1208/(-14)). Let x = 20 + f. What are the prime factors of x?
109
Suppose -9*f - 276 = -6*f. List the prime factors of f/(-32)*-6*-8.
2, 3, 23
Let p(q) = -10*q**2 + 10*q. Let r be p(-3). Let l be (-119)/3 + 10/15. Let c = l - r. What are the prime factors of c?
3
Let u = -936 + 36. Let c = -419 - u. What are the prime factors of c?
13, 37
Let i = 797 - 787. Suppose -i*p = -5272 - 10308. List the prime factors of p.
2, 19, 41
Let w(l) = -l**3 - 18*l**2 - 18*l + 15. Let i be (-1 - 9)/5 - -106. Let s = i - 121. What are the prime factors of w(s)?
2
Let m be (-1 - 0) + 460 + -8. Let s = -113 + m. List the prime factors of s.
2, 13
Suppose i + 11 = 18. Suppose i*g = -5 + 33. Suppose 4*n - 220 = -g*d, 0*n - n = -4*d + 240. What are the prime factors of d?
59
Suppose -7*y + 10*y + 11158 = 2*a, 2*y - 22268 = -4*a. What are the prime factors of a?
2, 5, 557
Let r(b) = 7490*b**3 - b**2 + 13*b - 16. What are the prime factors of r(2)?
2, 19, 83
Suppose -2*r + 4*a + 24 = 0, -3*r + 0*a = -5*a - 31. Let o be ((-1)/3)/(58/30 - r). Suppose 2*u = 3*j - 206, 3*u + 136 = o*j - 209. List the prime factors of j.
2, 3
List the prime factors of 12/10 - (-31848096)/1245.
2, 12791
Let c = -3534 - -7211. List the prime factors of c.
3677
Let x be (-10)/(2 - ((-4)/4 + 1)). Let p be (-2)/10 + (-271)/x. Suppose 4*q - 90 = p. What are the prime factors of q?
2, 3
Let b = 92 + -87. Suppose 3*s + b*q + 340 = 0, 58 = 4*s + 3*q + 493. List the prime factors of 4/14 - 14565/s.
139
Let t be ((-48)/10)/((-2)/10). Let g = -15 + t. Suppose 5*l + 332 = g*l. What are the prime factors of l?
83
Let r(q) = 4*q**2 + 3*q + 12. Let k be r(8). Let b = k + -43. What are the prime factors of b?
3, 83
Suppose -2*f + 96485 = 7*d, -f - 5*d + 3238 + 45015 = 0. What are the prime factors of f?
2, 24109
Suppose 2*j - 8*j + 492 = 0. Suppose 5*h = -2*l - j, -l = 4*h - h + 49. Let y = -7 - h. What are the prime factors of y?
3
Let s(b) = 3*b**2 + 7*b + 5. Let c be s(-14). Suppose -3*g + 0*g + c = 0. List the prime factors of (-11)/(g/6) - 357/(-5).
71
Suppose -5*k - 4*d + 385 = 0, -9*k + 385 = -4*k - 3*d. Let j be 2/(-11) - 294/k. What are the prime factors of (-1)/(j/12) + 47 + -2?
2, 3
Let k(c) = 10 + 18 + 147*c + 20 - 14. What are the prime factors of k(6)?
2, 229
List the prime factors of (-52 + 58)/(3/4367).
2, 11, 397
Let f = -120 - -125. Suppose -3*a = f*h - 0*h - 98, 26 = a - 5*h. List the prime factors of a.
31
Let y be (134/24 + 2/(-8))*-3. List the prime factors of 69/4*(y/(-2))/2.
3, 23
Suppose 129 + 372 = 3*t. Let f = t + 33. List the prime factors of f.
2, 5
Let a(r) = -r**2 + 23*r - 77. Let s be a(17). Suppose 0 = s*k - 9505 - 7245. What are the prime factors of k?
2, 5, 67
Suppose -15659 - 2165 = -14*q + 9056. What are the prime factors of q?
2, 3, 5
Suppose -383*m + 365*m = -183816. List the prime factors of m.
2, 3, 23, 37
List the prime factors of -1*(3 + -4)*12530/10*19.
7, 19, 179
Let n = 1 - -5. Let k(y) be the first derivative of 27*y**2/2 - 31*y + 1220. What are the prime factors of k(n)?
131
What are the prime factors of (((-1935296)/(-80))/(-22))/((-4)/80)?
2, 2749
What are the prime factors of 177488/(-6)*(-1095)/1460?
2, 11093
Let v(u) = -u**2 + 11*u + 14. Let t be v(10). Suppose -18*f + t*f - 1848 = 0. What are the prime factors of f?
2, 7, 11
Suppose 2*q - 165 = -0*q - 3*d, -4*q + 327 = 5*d. Suppose -3*o - 6 = -q. Let h(t) = t**2 - 15*t - 21. What are the prime factors of h(o)?
3, 5, 13
Suppose 1377875 = 21*w + 165*w - 309889. What are the prime factors of w?
2, 13, 349
Suppose -3*h - 687 = 3*a, -10 - 10 = 5*h. Let k = 530 + a. What are the prime factors of k?
5, 61
Let a = -21271 - -14195. List the prime factors of 9/63 - a/7.
3, 337
Let q(s) = 2*s**3 + s**2 - 8. Let c be q(0). Let m be 913 + ((-4)/c + 0)*8. Suppose r - m = -4*j, -j + 3*r - 8*r = -253. List the prime factors of j.
2, 3, 19
Let t = -1 - -15. Suppose -p + t*p = 3068. What are the prime factors of p?
2, 59
Let h(n) = -3*n**3 + 2*n**2 + 5*n + 29. Let w be h(8). Let l = -886 - w. List the prime factors of l.
3, 151
Let b be 0 + (-666)/15 + (-72)/120. List the prime factors of 3/15 - 16776/b.
373
Let h(j) = 275*j**2 + 47*j - 14. Let i be h(12). Suppose -3*o - 22*o + i = 0. What are the prime factors of o?
2, 11, 73
Suppose 2*g - 52 = 4*o - 314, 3*o + 4*g - 213 = 0. Let u = -39 + o. List the prime factors of (-21)/((39/(-65))/(u/10)).
2, 7
Let j(t) = -8*t + t + 12 + 3*t**2 - 4*t**2 + 3*t. Suppose 2*k + 2*r = -4, 3*k + 4*r + r = 0. List the prime factors of j(k).
7
Let a(o) = o**3 + 4*o**2 - 7*o - 5. Let z be a(-4). Let h(m) = -60*m - 400. Let q be h(-7). Suppose q*k = z*k - 426. What are the prime factors of k?
2, 71
Let k = -7082 - -25242. List the prime factors of k.
2, 5, 227
Suppose 3*n + 0*n - i = -7, -5*i - 13 = -3*n. Let o(m) = m**3 + 6*m**2 + 3*m + 2. Let a be o(n). Suppose -u = -a - 43. List the prime factors of u.
5, 13
Let l = 12477 + -4314. What are the prime factors of l?
3, 907
Let j(i) = -3*i + 5. Suppose -3*u = -3*u + u. Let p be j(u). Suppose 2*v + 0*v - 111 = 3*b, -5*b = p. What are the prime factors of v?
2, 3
Let a(r) = 10*r**2 + 1. Let k be a(-2). Let l = k + -55. Let m = l - -45. List the prime factors of m.
31
Suppose -4*o + 420 = o. Suppose 0 = -41*k + 159 - 36. Suppose -x = -k*r - 6*x + 244, -x + o = r. List the prime factors of r.
2, 11
Let o be -3 - (48/(-36) - 39/(-9)). What are the prime factors of o*(-36)/(-16)*-80?
2, 3, 5
Suppose -466*i + 453*i = 0. Suppose i = 70*v - 72*v + 182. List the prime factors of v.
7, 13
Suppose 0 = -5*n + 2*n + 3*v - 345, -2*n - 2*v - 250 = 0. Let m = n + 114. What are the prime factors of 0 + 214 + (m - -2)?
2, 3, 5, 7
Suppose 0*b - 21 = -7*b. Let l = 84 + b. What are the prime factors of l?
3, 29
Suppose -3*k = 4*k - 56. Suppose 2*t - 374 - 260 = v, k = 2*v. List the prime factors of t.
11, 29
L